at is the units digit of t(6)?
1
Let y(j) = 2*j**3 + 18*j**2 - 4*j - 19. What is the units digit of y(-8)?
1
What is the tens digit of ((-8)/3)/(4/(-78))?
5
Suppose -4*z + 9 + 3 = -2*i, 5*z - 15 = -i. Suppose y + z*y - 12 = 0. What is the units digit of y?
3
Let d(p) be the third derivative of p**4/4 - p**3/2 + p**2. Let s be d(3). Let k = s + -7. What is the units digit of k?
8
Let y be ((-4)/3)/(2/9). Let f(n) = -3*n - 6. What is the tens digit of f(y)?
1
Suppose -2*b = 3*m + 2*m - 17, 5*b + 20 = 0. Suppose 2*o + 2*p = 24, 2*o - o + m*p = -4. What is the tens digit of o?
1
Let w = 1 - 0. Let x(a) = 5*a + 0 - w - 15*a. What is the tens digit of x(-2)?
1
Let q(w) be the third derivative of -w**4/4 - 2*w**3/3 + 2*w**2. Suppose 7*l = 4*l + g - 11, 0 = 4*l - 3*g + 18. What is the tens digit of q(l)?
1
What is the units digit of -4 - (0 + 1 + -38)?
3
Suppose -3*a - 43 = -5*d, -d - 29 = -5*d - 3*a. What is the units digit of d/(-4) - (-4 - -1)?
1
Let f(u) = 2*u - 2. Let o be f(6). Suppose 12 = -3*v, 4*h - 5*v + o = 30. Suppose h = -w + 3 + 12. What is the tens digit of w?
1
Let m = 26 - 22. Let c(t) = 3*t**2 - 7*t + 10. What is the units digit of c(m)?
0
Let g(d) = 6*d**2 - 3*d + 2. Let s be 20/15 - (-4)/6. Let w be g(s). Suppose 0 = -5*f + f + w. What is the units digit of f?
5
Suppose 3*u + 250 = 2*s, 5*s + u = -0*u + 591. What is the hundreds digit of s?
1
Let y(m) = -m**2 + 5*m + 3. Let o(c) = -c**3 + c - 2. Let x be o(-2). Suppose -x*j = -2*p - 0*j - 10, 3*j = p + 10. What is the units digit of y(p)?
3
Let s(z) = -z - 1. Let n be s(-4). Let i(x) = 5*x - 1. Let o be i(n). Suppose -2*y - 2*u + o = -8, -y + 5*u - 13 = 0. What is the units digit of y?
7
Suppose 2*o - 450 = 3*k, -5*o + 680 = -4*k - 459. What is the hundreds digit of o?
2
Let k(v) = 93*v**2 + 4*v + 2. What is the tens digit of k(-1)?
9
Let w = -1 + -11. Let k be 2/4 + (-11)/2. Let s = k - w. What is the units digit of s?
7
What is the tens digit of (-6 + -2)*(-55)/20?
2
Let g(p) = -3*p - 1. Let q be g(2). Let n = 0 - q. Suppose -u = -0*u - n. What is the units digit of u?
7
Let d(a) = 326*a**2 - 1. What is the units digit of d(-1)?
5
What is the tens digit of (-72)/(0 - 2) - 3?
3
Let f = 0 - 2. Let h = 2 + f. Suppose h = -t - 4 + 13. What is the units digit of t?
9
Let r be ((-6)/(-4) + -3)*-2. Let a = 27 + r. What is the units digit of a?
0
Suppose 2*m - 114 + 44 = 0. Let y = m - 11. What is the tens digit of y?
2
Let c(s) = -s**3 - 2*s**2 + 2*s - 11. Let w(d) = 7*d + 2. Let f be w(-1). What is the tens digit of c(f)?
5
Suppose -2*q - 2*q = 0. Let x = q - -1. What is the units digit of x?
1
What is the tens digit of (91 + 3)*1/2?
4
Let z(h) = 16*h**2 - 2*h + 5. What is the hundreds digit of z(3)?
1
Suppose 0 = 5*z + 166 - 781. Suppose 5*r - 11 = -3*k + 88, 3*k - 3*r = z. What is the units digit of k?
8
Let g(o) = 2*o + 3. Let f be g(-3). Let l = -10 - -12. What is the units digit of f/(l - -1)*-7?
7
Suppose -4 = -0*d - 4*d, -2*b + 5*d + 1 = 0. Suppose -3*r - n - 15 = 2, b*r + 1 = -5*n. Let t = r + 16. What is the units digit of t?
9
Let i be 16/(-3) - (-10)/(-15). Let d(h) = -h**2 - 8*h - 8. What is the units digit of d(i)?
4
What is the tens digit of (-7 - (-2 + 0))*69/(-5)?
6
Suppose -5*q + m = 0, 4*q = -q - m. Suppose -3*w = -3*o + w + 56, 4*w + 20 = q. What is the tens digit of o?
1
Suppose 0*a = -a + 2. Suppose a*o + 140 = 6*o. What is the tens digit of o?
3
Let s(t) = 3*t - 3. Let n be s(2). Suppose v - 56 = -n*v. What is the units digit of v?
4
Let j(u) = 11*u. Let w be j(-5). What is the units digit of (-3)/18 + w/(-6)?
9
Let a(x) = x**2 - 2*x - 4. Let b = 26 + -15. Suppose -3*o + b = -7. What is the tens digit of a(o)?
2
Let w(b) = -6*b. Let i be w(-1). Let t be 0 + -2 - (0 - i). Suppose 0*r + t*r = 72. What is the units digit of r?
8
Let u be 3/(-3)*0 - -3. Let z(h) = h - 3. Let l be z(u). What is the units digit of l/1 + -2 + 3?
1
Let x(n) = -n**2 - 9*n + 7. Let c be x(-8). Suppose -l = 2*l - c. Suppose -4*q - l*j = -30 + 7, j = 4*q - 5. What is the units digit of q?
2
Suppose 2*o - 2 - 8 = 0. Suppose -b + 38 - 10 = 5*m, 2*m = o*b - 5. What is the units digit of b?
3
Let p = -5 - -10. Let d = p - 4. What is the units digit of d?
1
Let x = -10 + 4. Let g = x - -10. Let l = g + 3. What is the units digit of l?
7
Let o(t) = -t**2 + 3*t + 1. Let m be o(-6). Let f = -28 - m. What is the units digit of f?
5
Suppose -j + 4*j = -2*g + 25, 2 = -2*g. Let k = -4 + j. Suppose -k*l - 4*q + 36 = -0*q, q = 4*l - 12. What is the units digit of l?
4
Let s(u) = -u - u - 1 + 0*u. Let w be s(1). What is the units digit of 5*-6*w/10?
9
Let l = 7 - 2. Let d = l - 2. Suppose -d*g = -44 - 1. What is the tens digit of g?
1
Let f(x) = x**3 - x**2 - x + 2. What is the tens digit of f(5)?
9
Let q(g) = g. Let d(f) = 5*f + 2. Let j(h) = d(h) - 4*q(h). Suppose -5*a + 3*y + 15 = -3*a, -2*y = 3*a - 16. What is the units digit of j(a)?
8
Let t(y) = y + 9. Let q be t(-9). Let u be (-7)/(-2) + 2/(-4). Suppose q = -z + 5 - u. What is the units digit of z?
2
Let n(j) = 2*j - 2. Let h be n(3). Suppose -3*w + w = 2*c - 30, -h*c + 4*w = -36. What is the tens digit of c?
1
Suppose -121 = -5*b - 5*m + 59, 4*m - 68 = -2*b. What is the units digit of b?
8
Let k = -90 + 57. Let i = k - -18. What is the tens digit of (9 + -1)*i/(-6)?
2
Let x(j) = -j**3 - 4*j**2 - j - 1. Let m be x(-4). Suppose 10 = t - m. What is the units digit of t?
3
Suppose 0 = -m - 3*m + 5*y + 73, 3*m + 2*y = 26. Let r = m - 7. What is the units digit of r?
5
Let r(t) = t**3 - 12*t**2 + 2. Let u be r(12). What is the units digit of 56/u*(-4)/(-8)?
4
Suppose -4*u + 25 = -5*u + 5*i, -3*u - 20 = -4*i. Suppose n + 0 - 17 = u. What is the units digit of n?
7
What is the tens digit of (-2*334/16)/(1/(-4))?
6
Let g = 18 + 1. What is the tens digit of g?
1
Let h(p) = 2*p**2 - 8*p - 8. What is the units digit of h(8)?
6
Suppose 0 = 5*n - 20. Suppose r + 6*w = n*w + 13, -4*w = 12. Suppose r = 2*d - 5. What is the units digit of d?
2
Let d(g) = -g - 1. Let j(c) = -3*c - 2. Let k(b) = -6*b - 4. Let x(t) = -5*j(t) + 2*k(t). Let q(p) = 17*d(p) + 6*x(p). What is the units digit of q(9)?
4
Suppose 8*r - 1422 = -r. What is the tens digit of r?
5
Suppose 0 = -7*v + 2*v + 3*m + 13, 2*v = 3*m + 7. What is the units digit of v/((-1)/(-3)*3)?
2
Suppose -h - 11 = -0. Let j(v) = -v**2 - 11*v + 8. What is the units digit of j(h)?
8
Let f(v) be the second derivative of -v**5/20 - 7*v**4/12 - v**3 - 2*v**2 + v. Let w be f(-6). What is the units digit of 1 + w*(-2)/4?
3
Suppose 5*n - 4*n - 4 = 0. Suppose p + 1 = 0, -n*h + 4*p + 100 = -0*p. What is the units digit of h?
4
Let y be ((-1)/2)/(2/(-4)). What is the units digit of (-1)/y + (10 - 0)?
9
Let m = 5 - 3. Let u be (-2)/(m/1) + 6. Suppose -4*x + 4*q - 9 = -1, -3*q = -u*x - 2. What is the units digit of x?
2
Suppose 0 = -4*h + 4*l + 4, 2*h - 7*h + 2*l - 7 = 0. What is the units digit of (-4)/(-6) - 7/h?
3
Let k = 33 + -23. Suppose -k = 5*j - 5*f, 6*j - j - 4*f + 10 = 0. What is the units digit of 2 + (1 - j*2)?
7
Suppose -3*z = -2*z - 28. Suppose 0 = s - 2 - 2. Suppose -4*k = -3*l - z, -s*k = 5*l - l. What is the units digit of k?
4
Let t(a) = 41*a - 38. What is the tens digit of t(7)?
4
Suppose -3*w + 4*u + 14 = 0, 5*w + 0 = 4*u + 10. What is the units digit of 1*w - 7/(-1)?
5
Let d(v) = 2*v**2 + 2*v + 6. Let i(x) = 2*x**2 + 3*x + 7. Let f(h) = -5*d(h) + 6*i(h). What is the units digit of f(-5)?
2
Let m(l) = l**2 + 5*l + 26. What is the units digit of m(-8)?
0
Let a = -5 - -8. Suppose 0 = 4*k - 5*u - 51, 5*k - 2*u = -a*u + 100. Suppose -l + 4*c + 28 = 0, -c = l - 2*c - k. What is the units digit of l?
6
Let q(f) = f**2 - 4*f + 4. Let g be q(3). Let l = 8 - g. What is the units digit of l?
7
Suppose k - 3*u + 6 = 0, -2*u = -3*k + 6*k - 15. Suppose 92 = k*a - 4. What is the tens digit of a?
3
Let a be (16/20)/((-1)/(15/(-6))). Let q(t) be the third derivative of t**5/20 + t**4/8 - t**3/3 + t**2. What is the units digit of q(a)?
6
Let q(n) be the third derivative of -n**6/120 - n**4/24 - n**3/3 - 2*n**2. Let r be q(-2). Suppose r = t - 0. What is the units digit of t?
8
Let h = -11 + 15. Suppose 0 = -m - h*m + 65. Suppose 5*n = 2*x + 13, -2*x + 9 + m = 2*n. What is the units digit of x?
6
Let j(k) = k**3 - 6*k**2 + 3